{"id":2713,"date":"2020-12-09T15:07:54","date_gmt":"2020-12-09T14:07:54","guid":{"rendered":"https:\/\/usro-basenautique.fr\/?page_id=2713"},"modified":"2024-02-12T11:19:24","modified_gmt":"2024-02-12T10:19:24","slug":"le-club","status":"publish","type":"page","link":"https:\/\/usro-basenautique.fr\/","title":{"rendered":"Le Club"},"content":{"rendered":"\n<div class=\"wp-block-group has-global-padding is-layout-constrained wp-block-group-is-layout-constrained\">\n<div class=\"wp-block-columns is-layout-flex wp-container-core-columns-is-layout-28f84493 wp-block-columns-is-layout-flex\">\n<div class=\"wp-block-column is-layout-flow wp-block-column-is-layout-flow\" style=\"flex-basis:100%\">\n<figure class=\"wp-block-gallery has-nested-images columns-default is-cropped wp-block-gallery-1 is-layout-flex wp-block-gallery-is-layout-flex\">\n<figure class=\"wp-block-image size-large\"><img loading=\"lazy\" decoding=\"async\" width=\"1024\" height=\"768\" data-id=\"3618\" src=\"https:\/\/usro-basenautique.fr\/wp-content\/uploads\/2024\/01\/\u00a9FOCUSKPTURE-RIS-REGATE-14-05-2023-76-1-1024x768.jpg\" alt=\"\" class=\"wp-image-3618\" srcset=\"https:\/\/usro-basenautique.fr\/wp-content\/uploads\/2024\/01\/\u00a9FOCUSKPTURE-RIS-REGATE-14-05-2023-76-1-1024x768.jpg 1024w, https:\/\/usro-basenautique.fr\/wp-content\/uploads\/2024\/01\/\u00a9FOCUSKPTURE-RIS-REGATE-14-05-2023-76-1-300x225.jpg 300w, https:\/\/usro-basenautique.fr\/wp-content\/uploads\/2024\/01\/\u00a9FOCUSKPTURE-RIS-REGATE-14-05-2023-76-1-2000x1500.jpg 2000w\" sizes=\"auto, (max-width: 1024px) 100vw, 1024px\" \/><\/figure>\n\n\n\n<figure class=\"wp-block-image size-large\"><img loading=\"lazy\" decoding=\"async\" width=\"1024\" height=\"768\" data-id=\"3619\" src=\"https:\/\/usro-basenautique.fr\/wp-content\/uploads\/2024\/01\/\u00a9FOCUSKPTURE-RIS-REGATE-14-05-2023-79-1-1024x768.jpg\" alt=\"\" class=\"wp-image-3619\" srcset=\"https:\/\/usro-basenautique.fr\/wp-content\/uploads\/2024\/01\/\u00a9FOCUSKPTURE-RIS-REGATE-14-05-2023-79-1-1024x768.jpg 1024w, https:\/\/usro-basenautique.fr\/wp-content\/uploads\/2024\/01\/\u00a9FOCUSKPTURE-RIS-REGATE-14-05-2023-79-1-300x225.jpg 300w, https:\/\/usro-basenautique.fr\/wp-content\/uploads\/2024\/01\/\u00a9FOCUSKPTURE-RIS-REGATE-14-05-2023-79-1-2000x1500.jpg 2000w\" sizes=\"auto, (max-width: 1024px) 100vw, 1024px\" \/><\/figure>\n\n\n\n<figure class=\"wp-block-image size-large\"><img loading=\"lazy\" decoding=\"async\" width=\"1024\" height=\"768\" data-id=\"3617\" src=\"https:\/\/usro-basenautique.fr\/wp-content\/uploads\/2024\/01\/\u00a9FOCUSKPTURE-RIS-REGATE-14-05-2023-81-1-1024x768.jpg\" alt=\"\" class=\"wp-image-3617\" srcset=\"https:\/\/usro-basenautique.fr\/wp-content\/uploads\/2024\/01\/\u00a9FOCUSKPTURE-RIS-REGATE-14-05-2023-81-1-1024x768.jpg 1024w, https:\/\/usro-basenautique.fr\/wp-content\/uploads\/2024\/01\/\u00a9FOCUSKPTURE-RIS-REGATE-14-05-2023-81-1-300x225.jpg 300w, https:\/\/usro-basenautique.fr\/wp-content\/uploads\/2024\/01\/\u00a9FOCUSKPTURE-RIS-REGATE-14-05-2023-81-1-2000x1500.jpg 2000w\" sizes=\"auto, (max-width: 1024px) 100vw, 1024px\" \/><\/figure>\n<\/figure>\n<\/div>\n<\/div>\n<\/div>\n\n\n\n<p class=\"text_justify\">Cr\u00e9\u00e9e en juin 2020, la Base Nautique de l&rsquo;USRO est un club tr\u00e8s r\u00e9cent mais tr\u00e8s ancien \u00e0 la fois. En effet, cette section est le r\u00e9sultat de l&rsquo;\u00e9largissement de la section aviron cr\u00e9\u00e9e en 1985. V\u00e9ritable acteur culturel et incontournable de la valorisation de nos berges, la Base Nautique organise chaque ann\u00e9e divers \u00e9v\u00e8nements, de la f\u00eate de la musique \u00e0 la c\u00e9l\u00e8bre comp\u00e9tition d&rsquo;aviron \u00ab\u00a0L&rsquo;Essonnienne : r\u00e9gate en Terre d&rsquo;Avenirs\u00a0\u00bb.<\/p>\n\n\n\n<p class=\"text_justify\">Notre club est l&rsquo;une des 32 sections de l&rsquo;Union Sportive de Ris-Orangis (USRO), association Omnisports de loi 1901 cr\u00e9\u00e9e en 1945. Elle compte plus de 4500 adh\u00e9rents pour plus de 350 encadrants b\u00e9n\u00e9voles. Notre section est labellis\u00e9e par la <strong>F\u00e9d\u00e9ration Fran\u00e7aise d&rsquo;Aviron<\/strong> (FFA).<\/p>\n\n\n\n<p class=\"text_justify\">La Base Nautique est install\u00e9e sur les bords de Seine de la ville de Ris-Orangis, le long d&rsquo;une voie pi\u00e9tonne loin de la circulation automobile. Cela en fait un cadre id\u00e9al pour naviguer au fil de l&rsquo;eau en toute tranquillit\u00e9.<\/p>\n\n\n\n<p>Depuis 2024, la Base Nautique est \u00e9galement affili\u00e9e \u00e0 la <strong>F\u00e9d\u00e9ration fran\u00e7aise de cano\u00eb-kayak et des sports de pagaie<\/strong> (FFCK) permettant d\u00e9sormais d&rsquo;acc\u00e9l\u00e9rer notre offre de services pour les amateurs de cano\u00eb, de kayak, de paddle et de nage en libre.<\/p>\n\n\n\n<div class=\"wp-block-columns is-layout-flex wp-container-core-columns-is-layout-28f84493 wp-block-columns-is-layout-flex\">\n<div class=\"wp-block-column is-layout-flow wp-block-column-is-layout-flow\" style=\"flex-basis:100%\">\n<div class=\"wp-block-columns is-layout-flex wp-container-core-columns-is-layout-28f84493 wp-block-columns-is-layout-flex\">\n<div class=\"wp-block-column is-layout-flow wp-block-column-is-layout-flow\" style=\"flex-basis:100%\">\n<div class=\"wp-block-columns is-layout-flex wp-container-core-columns-is-layout-28f84493 wp-block-columns-is-layout-flex\">\n<div class=\"wp-block-column is-layout-flow wp-block-column-is-layout-flow\">\n<figure class=\"wp-block-image size-large\"><img loading=\"lazy\" decoding=\"async\" width=\"1024\" height=\"768\" src=\"https:\/\/usro-basenautique.fr\/wp-content\/uploads\/2024\/01\/\u00a9FOCUSKPTURE-RIS-REGATE-14-05-2023-93-1024x768.jpg\" alt=\"\" class=\"wp-image-3621\" srcset=\"https:\/\/usro-basenautique.fr\/wp-content\/uploads\/2024\/01\/\u00a9FOCUSKPTURE-RIS-REGATE-14-05-2023-93-1024x768.jpg 1024w, https:\/\/usro-basenautique.fr\/wp-content\/uploads\/2024\/01\/\u00a9FOCUSKPTURE-RIS-REGATE-14-05-2023-93-300x225.jpg 300w, https:\/\/usro-basenautique.fr\/wp-content\/uploads\/2024\/01\/\u00a9FOCUSKPTURE-RIS-REGATE-14-05-2023-93-2000x1500.jpg 2000w\" sizes=\"auto, (max-width: 1024px) 100vw, 1024px\" \/><\/figure>\n<\/div>\n\n\n\n<div class=\"wp-block-column is-layout-flow wp-block-column-is-layout-flow\">\n<figure class=\"wp-block-image size-large\"><img loading=\"lazy\" decoding=\"async\" width=\"1024\" height=\"768\" src=\"https:\/\/usro-basenautique.fr\/wp-content\/uploads\/2024\/01\/\u00a9FOCUSKPTURE-RIS-REGATE-14-05-2023-94-1-1024x768.jpg\" alt=\"\" class=\"wp-image-3622\" srcset=\"https:\/\/usro-basenautique.fr\/wp-content\/uploads\/2024\/01\/\u00a9FOCUSKPTURE-RIS-REGATE-14-05-2023-94-1-1024x768.jpg 1024w, https:\/\/usro-basenautique.fr\/wp-content\/uploads\/2024\/01\/\u00a9FOCUSKPTURE-RIS-REGATE-14-05-2023-94-1-300x225.jpg 300w, https:\/\/usro-basenautique.fr\/wp-content\/uploads\/2024\/01\/\u00a9FOCUSKPTURE-RIS-REGATE-14-05-2023-94-1-2000x1500.jpg 2000w\" sizes=\"auto, (max-width: 1024px) 100vw, 1024px\" \/><\/figure>\n<\/div>\n\n\n\n<div class=\"wp-block-column is-layout-flow wp-block-column-is-layout-flow\">\n<figure class=\"wp-block-image size-large\"><img loading=\"lazy\" decoding=\"async\" width=\"1024\" height=\"768\" src=\"https:\/\/usro-basenautique.fr\/wp-content\/uploads\/2024\/01\/\u00a9FOCUSKPTURE-RIS-REGATE-14-05-2023-90-2-1024x768.jpg\" alt=\"\" class=\"wp-image-3624\" srcset=\"https:\/\/usro-basenautique.fr\/wp-content\/uploads\/2024\/01\/\u00a9FOCUSKPTURE-RIS-REGATE-14-05-2023-90-2-1024x768.jpg 1024w, https:\/\/usro-basenautique.fr\/wp-content\/uploads\/2024\/01\/\u00a9FOCUSKPTURE-RIS-REGATE-14-05-2023-90-2-300x225.jpg 300w, https:\/\/usro-basenautique.fr\/wp-content\/uploads\/2024\/01\/\u00a9FOCUSKPTURE-RIS-REGATE-14-05-2023-90-2-2000x1500.jpg 2000w\" sizes=\"auto, (max-width: 1024px) 100vw, 1024px\" \/><\/figure>\n<\/div>\n<\/div>\n<\/div>\n<\/div>\n<\/div>\n<\/div>\n\n\n\n<p>Le club propose un large panel d&rsquo;activit\u00e9s tout au long de l&rsquo;ann\u00e9e : <\/p>\n\n\n\n<ul class=\"wp-block-list\">\n<li>Initiation et d\u00e9couverte de l&rsquo;aviron ;<\/li>\n\n\n\n<li>Pratique de l&rsquo;aviron \u00e0 l&rsquo;ann\u00e9e ;<\/li>\n\n\n\n<li>D\u00e9couverte de la comp\u00e9tition en aviron ;<\/li>\n\n\n\n<li>Avifit \/ Aviron Indoor ;<\/li>\n\n\n\n<li>Initiation et d\u00e9couverte du paddle ;<\/li>\n\n\n\n<li>Location de paddle ;<\/li>\n\n\n\n<li>Accueil de groupes et d&rsquo;entreprises.<\/li>\n<\/ul>\n\n\n\n<p>Le tout avec comme mot d&rsquo;ordre : la convivialit\u00e9 et la bonne humeur !<\/p>\n\n\n\n<figure class=\"wp-block-image size-large\"><img loading=\"lazy\" decoding=\"async\" width=\"1024\" height=\"683\" src=\"https:\/\/usro-basenautique.fr\/wp-content\/uploads\/2024\/01\/\u00a9FOCUSKPTURE-RIS-REGATE-14-05-2023-9-2-1024x683.jpg\" alt=\"\" class=\"wp-image-3737\" srcset=\"https:\/\/usro-basenautique.fr\/wp-content\/uploads\/2024\/01\/\u00a9FOCUSKPTURE-RIS-REGATE-14-05-2023-9-2-1024x683.jpg 1024w, https:\/\/usro-basenautique.fr\/wp-content\/uploads\/2024\/01\/\u00a9FOCUSKPTURE-RIS-REGATE-14-05-2023-9-2-300x200.jpg 300w, https:\/\/usro-basenautique.fr\/wp-content\/uploads\/2024\/01\/\u00a9FOCUSKPTURE-RIS-REGATE-14-05-2023-9-2-2000x1333.jpg 2000w\" sizes=\"auto, (max-width: 1024px) 100vw, 1024px\" \/><\/figure>\n    <!-- sktbuilder starter --><script type=\"text\/javascript\" src=\"https:\/\/usro-basenautique.fr\/wp-content\/plugins\/skt-builder\/sktbuilder\/sktbuilder-frontend-starter.js\"><\/script><script type=\"text\/javascript\" src=\"https:\/\/usro-basenautique.fr\/wp-content\/plugins\/skt-builder\/sktbuilder-wordpress-driver.js\"><\/script><script type=\"text\/javascript\"> var starter = new SktbuilderStarter({\"mode\": \"prod\", \"skip\":[\"jquery\",\"underscore\",\"backbone\"],\"sktbuilderUrl\": \"https:\/\/usro-basenautique.fr\/wp-content\/plugins\/skt-builder\/sktbuilder\/\", \"driver\": new SktbuilderWordpressDriver({\"ajaxUrl\": \"https:\/\/usro-basenautique.fr\/wp-admin\/admin-ajax.php\", \"iframeUrl\": \"https:\/\/usro-basenautique.fr\/?sktbuilder=true\", \"pageId\": 2713, \"pages\": [{\"title\":\"Aviron\",\"url\":\"https:\\\/\\\/usro-basenautique.fr\\\/wp-admin\\\/post.php?post=2437&action=sktbuilder\"},{\"title\":\"Paddle\",\"url\":\"https:\\\/\\\/usro-basenautique.fr\\\/wp-admin\\\/post.php?post=2449&action=sktbuilder\"},{\"title\":\"Contact\",\"url\":\"https:\\\/\\\/usro-basenautique.fr\\\/wp-admin\\\/post.php?post=2515&action=sktbuilder\"}], \"page\": \"Le Club\" }) });<\/script><!-- end sktbuilder starter -->","protected":false},"excerpt":{"rendered":"<p>Cr\u00e9\u00e9e en juin 2020, la Base Nautique de l&rsquo;USRO est un club tr\u00e8s r\u00e9cent mais tr\u00e8s ancien \u00e0 la fois. En effet, cette section est le r\u00e9sultat de l&rsquo;\u00e9largissement de la section aviron cr\u00e9\u00e9e en 1985. V\u00e9ritable acteur culturel et incontournable de la valorisation de nos berges, la Base Nautique organise chaque ann\u00e9e divers \u00e9v\u00e8nements, &hellip; <\/p>\n<p class=\"link-more\"><a href=\"https:\/\/usro-basenautique.fr\/\" class=\"more-link\">Lire la suite de<span class=\"screen-reader-text\">\u00ab\u00a0Le Club\u00a0\u00bb<\/span><\/a><\/p>\n","protected":false},"author":1,"featured_media":3626,"parent":0,"menu_order":0,"comment_status":"closed","ping_status":"closed","template":"","meta":{"footnotes":""},"class_list":["post-2713","page","type-page","status-publish","has-post-thumbnail","hentry"],"yoast_head":"<!-- This site is optimized with the Yoast SEO plugin v24.9 - https:\/\/yoast.com\/wordpress\/plugins\/seo\/ -->\n<title>Le Club - Bienvenue \u00e0 la Base Nautique de Ris-Orangis<\/title>\n<meta name=\"robots\" content=\"index, follow, max-snippet:-1, max-image-preview:large, max-video-preview:-1\" \/>\n<link rel=\"canonical\" href=\"https:\/\/usro-basenautique.fr\/\" \/>\n<meta property=\"og:locale\" content=\"fr_FR\" \/>\n<meta property=\"og:type\" content=\"article\" \/>\n<meta property=\"og:title\" content=\"Le Club - Bienvenue \u00e0 la Base Nautique de Ris-Orangis\" \/>\n<meta property=\"og:description\" content=\"Cr\u00e9\u00e9e en juin 2020, la Base Nautique de l&rsquo;USRO est un club tr\u00e8s r\u00e9cent mais tr\u00e8s ancien \u00e0 la fois. En effet, cette section est le r\u00e9sultat de l&rsquo;\u00e9largissement de la section aviron cr\u00e9\u00e9e en 1985. V\u00e9ritable acteur culturel et incontournable de la valorisation de nos berges, la Base Nautique organise chaque ann\u00e9e divers \u00e9v\u00e8nements, &hellip; Lire la suite de\u00ab\u00a0Le Club\u00a0\u00bb\" \/>\n<meta property=\"og:url\" content=\"https:\/\/usro-basenautique.fr\/\" \/>\n<meta property=\"og:site_name\" content=\"Bienvenue \u00e0 la Base Nautique de Ris-Orangis\" \/>\n<meta property=\"article:publisher\" content=\"https:\/\/fr-fr.facebook.com\/aviron.usro\" \/>\n<meta property=\"article:modified_time\" content=\"2024-02-12T10:19:24+00:00\" \/>\n<meta property=\"og:image\" content=\"https:\/\/usro-basenautique.fr\/wp-content\/uploads\/2024\/01\/\u00a9FOCUSKPTURE-RIS-REGATE-14-05-2023-9-scaled.jpg\" \/>\n\t<meta property=\"og:image:width\" content=\"2560\" \/>\n\t<meta property=\"og:image:height\" content=\"1707\" \/>\n\t<meta property=\"og:image:type\" content=\"image\/jpeg\" \/>\n<meta name=\"twitter:card\" content=\"summary_large_image\" \/>\n<meta name=\"twitter:label1\" content=\"Dur\u00e9e de lecture estim\u00e9e\" \/>\n\t<meta name=\"twitter:data1\" content=\"3 minutes\" \/>\n<script type=\"application\/ld+json\" class=\"yoast-schema-graph\">{\"@context\":\"https:\/\/schema.org\",\"@graph\":[{\"@type\":\"WebPage\",\"@id\":\"https:\/\/usro-basenautique.fr\/\",\"url\":\"https:\/\/usro-basenautique.fr\/\",\"name\":\"Le Club - Bienvenue \u00e0 la Base Nautique de Ris-Orangis\",\"isPartOf\":{\"@id\":\"https:\/\/usro-basenautique.fr\/#website\"},\"primaryImageOfPage\":{\"@id\":\"https:\/\/usro-basenautique.fr\/#primaryimage\"},\"image\":{\"@id\":\"https:\/\/usro-basenautique.fr\/#primaryimage\"},\"thumbnailUrl\":\"https:\/\/usro-basenautique.fr\/wp-content\/uploads\/2024\/01\/\u00a9FOCUSKPTURE-RIS-REGATE-14-05-2023-9-scaled.jpg\",\"datePublished\":\"2020-12-09T14:07:54+00:00\",\"dateModified\":\"2024-02-12T10:19:24+00:00\",\"breadcrumb\":{\"@id\":\"https:\/\/usro-basenautique.fr\/#breadcrumb\"},\"inLanguage\":\"fr-FR\",\"potentialAction\":[{\"@type\":\"ReadAction\",\"target\":[\"https:\/\/usro-basenautique.fr\/\"]}]},{\"@type\":\"ImageObject\",\"inLanguage\":\"fr-FR\",\"@id\":\"https:\/\/usro-basenautique.fr\/#primaryimage\",\"url\":\"https:\/\/usro-basenautique.fr\/wp-content\/uploads\/2024\/01\/\u00a9FOCUSKPTURE-RIS-REGATE-14-05-2023-9-scaled.jpg\",\"contentUrl\":\"https:\/\/usro-basenautique.fr\/wp-content\/uploads\/2024\/01\/\u00a9FOCUSKPTURE-RIS-REGATE-14-05-2023-9-scaled.jpg\",\"width\":2560,\"height\":1707},{\"@type\":\"BreadcrumbList\",\"@id\":\"https:\/\/usro-basenautique.fr\/#breadcrumb\",\"itemListElement\":[{\"@type\":\"ListItem\",\"position\":1,\"name\":\"Accueil\",\"item\":\"https:\/\/usro-basenautique.fr\/\"},{\"@type\":\"ListItem\",\"position\":2,\"name\":\"Le Club\"}]},{\"@type\":\"WebSite\",\"@id\":\"https:\/\/usro-basenautique.fr\/#website\",\"url\":\"https:\/\/usro-basenautique.fr\/\",\"name\":\"USRO Base Nautique - Club de voile et d&#039;aviron\",\"description\":\"Excellence. Amiti\u00e9. Respect.\",\"publisher\":{\"@id\":\"https:\/\/usro-basenautique.fr\/#organization\"},\"potentialAction\":[{\"@type\":\"SearchAction\",\"target\":{\"@type\":\"EntryPoint\",\"urlTemplate\":\"https:\/\/usro-basenautique.fr\/?s={search_term_string}\"},\"query-input\":{\"@type\":\"PropertyValueSpecification\",\"valueRequired\":true,\"valueName\":\"search_term_string\"}}],\"inLanguage\":\"fr-FR\"},{\"@type\":\"Organization\",\"@id\":\"https:\/\/usro-basenautique.fr\/#organization\",\"name\":\"USRO BASE NAUTIQUE\",\"url\":\"https:\/\/usro-basenautique.fr\/\",\"logo\":{\"@type\":\"ImageObject\",\"inLanguage\":\"fr-FR\",\"@id\":\"https:\/\/usro-basenautique.fr\/#\/schema\/logo\/image\/\",\"url\":\"https:\/\/usro-basenautique.fr\/wp-content\/uploads\/2020\/11\/cropped-Logo-USRO.jpg\",\"contentUrl\":\"https:\/\/usro-basenautique.fr\/wp-content\/uploads\/2020\/11\/cropped-Logo-USRO.jpg\",\"width\":512,\"height\":512,\"caption\":\"USRO BASE NAUTIQUE\"},\"image\":{\"@id\":\"https:\/\/usro-basenautique.fr\/#\/schema\/logo\/image\/\"},\"sameAs\":[\"https:\/\/fr-fr.facebook.com\/aviron.usro\"]}]}<\/script>\n<!-- \/ Yoast SEO plugin. -->","yoast_head_json":{"title":"Le Club - Bienvenue \u00e0 la Base Nautique de Ris-Orangis","robots":{"index":"index","follow":"follow","max-snippet":"max-snippet:-1","max-image-preview":"max-image-preview:large","max-video-preview":"max-video-preview:-1"},"canonical":"https:\/\/usro-basenautique.fr\/","og_locale":"fr_FR","og_type":"article","og_title":"Le Club - Bienvenue \u00e0 la Base Nautique de Ris-Orangis","og_description":"Cr\u00e9\u00e9e en juin 2020, la Base Nautique de l&rsquo;USRO est un club tr\u00e8s r\u00e9cent mais tr\u00e8s ancien \u00e0 la fois. En effet, cette section est le r\u00e9sultat de l&rsquo;\u00e9largissement de la section aviron cr\u00e9\u00e9e en 1985. V\u00e9ritable acteur culturel et incontournable de la valorisation de nos berges, la Base Nautique organise chaque ann\u00e9e divers \u00e9v\u00e8nements, &hellip; Lire la suite de\u00ab\u00a0Le Club\u00a0\u00bb","og_url":"https:\/\/usro-basenautique.fr\/","og_site_name":"Bienvenue \u00e0 la Base Nautique de Ris-Orangis","article_publisher":"https:\/\/fr-fr.facebook.com\/aviron.usro","article_modified_time":"2024-02-12T10:19:24+00:00","og_image":[{"width":2560,"height":1707,"url":"https:\/\/usro-basenautique.fr\/wp-content\/uploads\/2024\/01\/\u00a9FOCUSKPTURE-RIS-REGATE-14-05-2023-9-scaled.jpg","type":"image\/jpeg"}],"twitter_card":"summary_large_image","twitter_misc":{"Dur\u00e9e de lecture estim\u00e9e":"3 minutes"},"schema":{"@context":"https:\/\/schema.org","@graph":[{"@type":"WebPage","@id":"https:\/\/usro-basenautique.fr\/","url":"https:\/\/usro-basenautique.fr\/","name":"Le Club - Bienvenue \u00e0 la Base Nautique de Ris-Orangis","isPartOf":{"@id":"https:\/\/usro-basenautique.fr\/#website"},"primaryImageOfPage":{"@id":"https:\/\/usro-basenautique.fr\/#primaryimage"},"image":{"@id":"https:\/\/usro-basenautique.fr\/#primaryimage"},"thumbnailUrl":"https:\/\/usro-basenautique.fr\/wp-content\/uploads\/2024\/01\/\u00a9FOCUSKPTURE-RIS-REGATE-14-05-2023-9-scaled.jpg","datePublished":"2020-12-09T14:07:54+00:00","dateModified":"2024-02-12T10:19:24+00:00","breadcrumb":{"@id":"https:\/\/usro-basenautique.fr\/#breadcrumb"},"inLanguage":"fr-FR","potentialAction":[{"@type":"ReadAction","target":["https:\/\/usro-basenautique.fr\/"]}]},{"@type":"ImageObject","inLanguage":"fr-FR","@id":"https:\/\/usro-basenautique.fr\/#primaryimage","url":"https:\/\/usro-basenautique.fr\/wp-content\/uploads\/2024\/01\/\u00a9FOCUSKPTURE-RIS-REGATE-14-05-2023-9-scaled.jpg","contentUrl":"https:\/\/usro-basenautique.fr\/wp-content\/uploads\/2024\/01\/\u00a9FOCUSKPTURE-RIS-REGATE-14-05-2023-9-scaled.jpg","width":2560,"height":1707},{"@type":"BreadcrumbList","@id":"https:\/\/usro-basenautique.fr\/#breadcrumb","itemListElement":[{"@type":"ListItem","position":1,"name":"Accueil","item":"https:\/\/usro-basenautique.fr\/"},{"@type":"ListItem","position":2,"name":"Le Club"}]},{"@type":"WebSite","@id":"https:\/\/usro-basenautique.fr\/#website","url":"https:\/\/usro-basenautique.fr\/","name":"USRO Base Nautique - Club de voile et d&#039;aviron","description":"Excellence. Amiti\u00e9. Respect.","publisher":{"@id":"https:\/\/usro-basenautique.fr\/#organization"},"potentialAction":[{"@type":"SearchAction","target":{"@type":"EntryPoint","urlTemplate":"https:\/\/usro-basenautique.fr\/?s={search_term_string}"},"query-input":{"@type":"PropertyValueSpecification","valueRequired":true,"valueName":"search_term_string"}}],"inLanguage":"fr-FR"},{"@type":"Organization","@id":"https:\/\/usro-basenautique.fr\/#organization","name":"USRO BASE NAUTIQUE","url":"https:\/\/usro-basenautique.fr\/","logo":{"@type":"ImageObject","inLanguage":"fr-FR","@id":"https:\/\/usro-basenautique.fr\/#\/schema\/logo\/image\/","url":"https:\/\/usro-basenautique.fr\/wp-content\/uploads\/2020\/11\/cropped-Logo-USRO.jpg","contentUrl":"https:\/\/usro-basenautique.fr\/wp-content\/uploads\/2020\/11\/cropped-Logo-USRO.jpg","width":512,"height":512,"caption":"USRO BASE NAUTIQUE"},"image":{"@id":"https:\/\/usro-basenautique.fr\/#\/schema\/logo\/image\/"},"sameAs":["https:\/\/fr-fr.facebook.com\/aviron.usro"]}]}},"_links":{"self":[{"href":"https:\/\/usro-basenautique.fr\/index.php?rest_route=\/wp\/v2\/pages\/2713","targetHints":{"allow":["GET"]}}],"collection":[{"href":"https:\/\/usro-basenautique.fr\/index.php?rest_route=\/wp\/v2\/pages"}],"about":[{"href":"https:\/\/usro-basenautique.fr\/index.php?rest_route=\/wp\/v2\/types\/page"}],"author":[{"embeddable":true,"href":"https:\/\/usro-basenautique.fr\/index.php?rest_route=\/wp\/v2\/users\/1"}],"replies":[{"embeddable":true,"href":"https:\/\/usro-basenautique.fr\/index.php?rest_route=%2Fwp%2Fv2%2Fcomments&post=2713"}],"version-history":[{"count":29,"href":"https:\/\/usro-basenautique.fr\/index.php?rest_route=\/wp\/v2\/pages\/2713\/revisions"}],"predecessor-version":[{"id":3780,"href":"https:\/\/usro-basenautique.fr\/index.php?rest_route=\/wp\/v2\/pages\/2713\/revisions\/3780"}],"wp:featuredmedia":[{"embeddable":true,"href":"https:\/\/usro-basenautique.fr\/index.php?rest_route=\/wp\/v2\/media\/3626"}],"wp:attachment":[{"href":"https:\/\/usro-basenautique.fr\/index.php?rest_route=%2Fwp%2Fv2%2Fmedia&parent=2713"}],"curies":[{"name":"wp","href":"https:\/\/api.w.org\/{rel}","templated":true}]}}